by 1384.
1331
What is the remainder when 14341 is divided by 4615?
496
Calculate the remainder when 637 is divided by 20.
17
What is the remainder when 359057 is divided by 157?
155
Calculate the remainder when 59267 is divided by 2956.
147
What is the remainder when 74210 is divided by 371?
10
What is the remainder when 227 is divided by 209?
18
Calculate the remainder when 109383 is divided by 242.
241
What is the remainder when 142837 is divided by 4328?
13
What is the remainder when 404260 is divided by 36?
16
Calculate the remainder when 481179 is divided by 160384.
27
What is the remainder when 42356 is divided by 42343?
13
Calculate the remainder when 5733 is divided by 1789.
366
Calculate the remainder when 163901 is divided by 354.
353
Calculate the remainder when 1143 is divided by 1037.
106
What is the remainder when 128661 is divided by 18?
15
Calculate the remainder when 894165 is divided by 72.
69
What is the remainder when 2428 is divided by 106?
96
What is the remainder when 1188285 is divided by 66015?
15
What is the remainder when 3168 is divided by 262?
24
Calculate the remainder when 2999 is divided by 797.
608
What is the remainder when 4712 is divided by 44?
4
What is the remainder when 629 is divided by 253?
123
What is the remainder when 1305 is divided by 394?
123
Calculate the remainder when 4811 is divided by 539.
499
What is the remainder when 30072 is divided by 614?
600
Calculate the remainder when 9258 is divided by 154.
18
What is the remainder when 5891 is divided by 418?
39
What is the remainder when 1555816 is divided by 35?
31
Calculate the remainder when 76260 is divided by 38.
32
Calculate the remainder when 15992 is divided by 124.
120
Calculate the remainder when 4160 is divided by 24.
8
What is the remainder when 390 is divided by 157?
76
What is the remainder when 12406 is divided by 399?
37
Calculate the remainder when 1030 is divided by 176.
150
Calculate the remainder when 311403 is divided by 5.
3
What is the remainder when 265442 is divided by 1500?
1442
What is the remainder when 9846 is divided by 22?
12
What is the remainder when 63775 is divided by 11?
8
Calculate the remainder when 74561 is divided by 15.
11
What is the remainder when 872 is divided by 316?
240
Calculate the remainder when 42350 is divided by 4234.
10
What is the remainder when 325 is divided by 7?
3
What is the remainder when 662196 is divided by 55?
51
What is the remainder when 3149 is divided by 3133?
16
What is the remainder when 439421 is divided by 16?
13
Calculate the remainder when 6478 is divided by 30.
28
Calculate the remainder when 408690 is divided by 133.
114
Calculate the remainder when 376996 is divided by 3886.
54
What is the remainder when 2400719 is divided by 240?
239
Calculate the remainder when 6814 is divided by 2165.
319
What is the remainder when 79055 is divided by 18?
17
Calculate the remainder when 11451 is divided by 180.
111
What is the remainder when 48189 is divided by 27?
21
Calculate the remainder when 10272 is divided by 489.
3
What is the remainder when 133950 is divided by 12?
6
What is the remainder when 38446 is divided by 12811?
13
What is the remainder when 22405 is divided by 2?
1
What is the remainder when 2640 is divided by 854?
78
Calculate the remainder when 2750 is divided by 2185.
565
What is the remainder when 81591 is divided by 217?
216
Calculate the remainder when 2102 is divided by 458.
270
What is the remainder when 7085 is divided by 14?
1
What is the remainder when 1465 is divided by 657?
151
Calculate the remainder when 23275 is divided by 1454.
11
What is the remainder when 6566 is divided by 394?
262
Calculate the remainder when 4908 is divided by 100.
8
What is the remainder when 835058 is divided by 75914?
4
Calculate the remainder when 2376 is divided by 244.
180
What is the remainder when 6539 is divided by 262?
251
What is the remainder when 108550 is divided by 71?
62
Calculate the remainder when 6147 is divided by 275.
97
Calculate the remainder when 345 is divided by 284.
61
What is the remainder when 135207 is divided by 2216?
31
What is the remainder when 345741 is divided by 112?
109
Calculate the remainder when 1211357 is divided by 84.
77
Calculate the remainder when 7047 is divided by 138.
9
What is the remainder when 948977 is divided by 19?
3
What is the remainder when 628 is divided by 591?
37
Calculate the remainder when 478085 is divided by 114.
83
What is the remainder when 10292 is divided by 77?
51
Calculate the remainder when 250373 is divided by 35765.
18
What is the remainder when 123365 is divided by 151?
149
What is the remainder when 10834 is divided by 609?
481
Calculate the remainder when 1255 is divided by 156.
7
What is the remainder when 1075 is divided by 135?
130
What is the remainder when 301852 is divided by 135?
127
What is the remainder when 7758 is divided by 80?
78
Calculate the remainder when 5732 is divided by 24.
20
What is the remainder when 21531 is divided by 119?
111
What is the remainder when 365651 is divided by 3731?
13
Calculate the remainder when 9080 is divided by 649.
643
What is the remainder when 2230088 is divided by 27?
23
What is the remainder when 277465 is divided by 11?
1
What is the remainder when 594 is divided by 175?
69
Calculate the remainder when 22126 is divided by 131.
118
Calculate the remainder when 121446 is divided by 893.
891
What is the remainder when 15528 is divided by 1937?
32
Calculate the remainder when 15594 is divided by 223.
207
Calculate the remainder when 3578 is divided by 357.
8
What is the remainder when 12841 is divided by 3205?
21
Calculate the remainder when 26853 is divided by 1579.
10
What is the remainder when 8230 is divided by 514?
6
What is the remainder when 591540 is divided by 981?
978
Calculate the remainder when 32435 is divided by 168.
11
Calculate the remainder when 5272 is divided by 135.
7
What is the remainder when 314018 is divided by 9?
8
Calculate the remainder when 10728 is divided by 5184.
360
Calculate the remainder when 80672 is divided by 285.
17
What is the remainder when 82951 is divided by 13823?
13
What is the remainder when 59665 is divided by 227?
191
What is the remainder when 59589 is divided by 61?
53
Calculate the remainder when 1734 is divided by 690.
354
Calculate the remainder when 47202 is divided by 12.
6
What is the remainder when 15103 is divided by 5007?
82
Calculate the remainder when 7632 is divided by 521.
338
Calculate the remainder when 662620 is divided by 13.
10
What is the remainder when 4964 is divided by 359?
297
Calculate the remainder when 14039 is divided by 13949.
90
Calculate the remainder when 35564 is divided by 1545.
29
Calculate the remainder when 663 is divided by 59.
14
What is the remainder when 4028 is divided by 309?
11
Calculate the remainder when 2226 is divided by 79.
14
What is the remainder when 754 is divided by 139?
59
Calculate the remainder when 1195 is divided by 78.
25
What is the remainder when 1102 is divided by 1054?
48
Calculate the remainder when 1886 is divided by 1762.
124
Calculate the remainder when 4134279 is divided by 20.
19
What is the remainder when 45926 is divided by 260?
166
What is the remainder when 126389 is divided by 518?
515
What is the remainder when 80787 is divided by 15?
12
What is the remainder when 2478 is divided by 74?
36
What is the remainder when 4328 is divided by 1081?
4
What is the remainder when 34848 is divided by 127?
50
Calculate the remainder when 1637886 is divided by 33.
30
What is the remainder when 2109 is divided by 1041?
27
Calculate the remainder when 7389 is divided by 3673.
43
What is the remainder when 4234 is divided by 2117?
0
Calculate the remainder when 7767 is divided by 24.
15
Calculate the remainder when 29591 is divided by 9.
8
What is the remainder when 2238 is divided by 723?
69
What is the remainder when 10585 is divided by 78?
55
Calculate the remainder when 10240 is divided by 100.
40
Calculate the remainder when 9429 is divided by 1884.
9
What is the remainder when 84759 is divided by 831?
828
What is the remainder when 14164 is divided by 293?
100
What is the remainder when 31607 is divided by 15802?
3
Calculate the remainder when